he highest common factor of 114 and 969.
57
What is the greatest common divisor of 37 and 592?
37
What is the greatest common divisor of 8 and 1?
1
What is the highest common divisor of 144 and 63?
9
What is the greatest common factor of 3087 and 1071?
63
What is the greatest common divisor of 475 and 10355?
95
What is the greatest common divisor of 143 and 176?
11
What is the highest common factor of 150 and 825?
75
Calculate the greatest common factor of 204 and 36.
12
Calculate the greatest common factor of 46 and 27646.
46
What is the highest common divisor of 35 and 7805?
35
What is the highest common divisor of 3 and 5?
1
Calculate the greatest common divisor of 810 and 30.
30
What is the greatest common divisor of 876 and 12?
12
What is the greatest common factor of 184 and 5405?
23
What is the greatest common divisor of 416 and 39?
13
What is the highest common factor of 28652 and 232?
116
Calculate the highest common factor of 32 and 52.
4
What is the highest common divisor of 259 and 148?
37
Calculate the highest common factor of 360 and 280.
40
Calculate the highest common divisor of 136 and 1928.
8
Calculate the highest common factor of 1133 and 55.
11
What is the highest common factor of 9694 and 370?
74
Calculate the highest common divisor of 589 and 1209.
31
Calculate the highest common factor of 101 and 404.
101
What is the greatest common factor of 1189 and 41?
41
Calculate the highest common factor of 348 and 2581.
29
What is the highest common factor of 315 and 40?
5
What is the highest common divisor of 10 and 80?
10
Calculate the greatest common divisor of 72 and 198.
18
Calculate the greatest common divisor of 220 and 340.
20
Calculate the highest common factor of 1332 and 180.
36
What is the highest common divisor of 21842 and 67?
67
Calculate the highest common factor of 294 and 126.
42
Calculate the greatest common divisor of 18 and 4.
2
What is the highest common factor of 3 and 48?
3
What is the greatest common divisor of 492 and 156?
12
Calculate the greatest common factor of 344 and 3139.
43
Calculate the greatest common divisor of 5 and 965.
5
Calculate the highest common factor of 54 and 594.
54
Calculate the highest common factor of 1257 and 21.
3
What is the highest common factor of 560 and 4340?
140
What is the greatest common divisor of 783 and 45?
9
Calculate the greatest common divisor of 155 and 93.
31
Calculate the greatest common factor of 24 and 696.
24
What is the greatest common factor of 1400 and 12?
4
Calculate the highest common factor of 1225 and 100.
25
Calculate the highest common divisor of 230 and 80.
10
Calculate the highest common divisor of 342 and 4959.
171
Calculate the highest common factor of 30 and 2325.
15
Calculate the greatest common factor of 15549 and 438.
219
What is the greatest common divisor of 682 and 124?
62
Calculate the highest common factor of 33 and 143.
11
What is the greatest common divisor of 175 and 1575?
175
What is the greatest common factor of 8384 and 64?
64
Calculate the highest common divisor of 20656 and 16.
16
Calculate the greatest common factor of 18072 and 168.
24
What is the highest common divisor of 632 and 16?
8
What is the highest common factor of 1107 and 41?
41
What is the greatest common factor of 34 and 476?
34
What is the greatest common factor of 2412 and 268?
268
Calculate the highest common factor of 660 and 420.
60
What is the greatest common factor of 135 and 105?
15
What is the highest common divisor of 80 and 1808?
16
Calculate the greatest common factor of 28 and 64.
4
What is the greatest common factor of 39 and 4082?
13
What is the highest common divisor of 26 and 58162?
26
Calculate the greatest common factor of 64 and 8000.
64
Calculate the highest common factor of 82 and 5822.
82
Calculate the highest common divisor of 28 and 1554.
14
Calculate the greatest common factor of 54 and 729.
27
What is the greatest common divisor of 16 and 7272?
8
What is the highest common divisor of 104 and 28808?
104
Calculate the greatest common divisor of 6 and 282.
6
What is the greatest common divisor of 16 and 304?
16
What is the greatest common factor of 12 and 48?
12
What is the greatest common factor of 66 and 176?
22
What is the greatest common divisor of 105 and 252?
21
Calculate the highest common factor of 29 and 1856.
29
What is the highest common divisor of 391 and 17?
17
What is the greatest common divisor of 22 and 143?
11
What is the greatest common divisor of 688 and 430?
86
Calculate the greatest common divisor of 145 and 29.
29
What is the highest common divisor of 116 and 1073?
29
Calculate the highest common factor of 56 and 184.
8
Calculate the highest common factor of 356 and 20.
4
What is the greatest common factor of 28 and 217?
7
What is the highest common divisor of 45 and 99?
9
What is the highest common factor of 448 and 7?
7
Calculate the greatest common divisor of 4 and 17.
1
Calculate the greatest common factor of 22873 and 89.
89
Calculate the greatest common divisor of 750 and 15.
15
What is the greatest common factor of 81 and 216?
27
What is the greatest common factor of 24 and 60?
12
What is the greatest common factor of 12 and 1356?
12
Calculate the greatest common divisor of 3277 and 58.
29
Calculate the highest common factor of 275 and 165.
55
What is the highest common factor of 15 and 2955?
15
What is the highest common factor of 48 and 44?
4
What is the greatest common factor of 680 and 374?
34
Calculate the greatest common divisor of 6696 and 1188.
108
Calculate the highest common factor of 7423 and 39.
13
What is the highest common divisor of 204 and 765?
51
Calculate the greatest common divisor of 182 and 455.
91
Calculate the highest common factor of 1888 and 118.
118
Calculate the greatest common divisor of 621 and 23.
23
Calculate the highest common factor of 119 and 289.
17
What is the highest common divisor of 5146 and 498?
166
What is the greatest common divisor of 70 and 270?
10
Calculate the highest common divisor of 657 and 9.
9
Calculate the highest common factor of 8786 and 69.
23
What is the highest common divisor of 7 and 448?
7
What is the greatest common factor of 5 and 335?
5
What is the greatest common divisor of 1536 and 96?
96
Calculate the greatest common divisor of 781 and 213.
71
What is the highest common divisor of 276 and 138?
138
Calculate the highest common divisor of 520 and 16.
8
What is the highest common factor of 105 and 11795?
35
Calculate the highest common divisor of 220 and 352.
44
What is the highest common factor of 69 and 552?
69
Calculate the highest common divisor of 3312 and 4.
4
Calculate the greatest common divisor of 913 and 11.
11
Calculate the greatest common divisor of 1080 and 12.
12
What is the highest common factor of 1264 and 88?
8
What is the greatest common factor of 78 and 21606?
78
What is the highest common factor of 182 and 819?
91
Calculate the highest common factor of 728 and 13.
13
Calculate the highest common divisor of 124 and 4.
4
Calculate the greatest common divisor of 33316 and 4.
4
What is the highest common factor of 17 and 102?
17
What is the highest common factor of 1005 and 165?
15
Calculate the greatest common divisor of 442 and 1802.
34
What is the greatest common factor of 200 and 120?
40
What is the highest common factor of 2680 and 280?
40
What is the highest common divisor of 13 and 32?
1
What is the highest common divisor of 13 and 182?
13
Calculate the highest common factor of 33 and 176.
11
Calculate the highest common divisor of 90 and 70.
10
Calculate the highest common factor of 319 and 33.
11
What is the highest common divisor of 140 and 364?
28
Calculate the greatest common factor of 8 and 10112.
8
Calculate the greatest common divisor of 960 and 1728.
192
What is the highest common factor of 2800 and 2?
2
What is the highest common factor of 24 and 6744?
24
What is the greatest common factor of 78 and 15?
3
What is the greatest common divisor of 87 and 986?
29
Calculate the highest common divisor of 54 and 42.
6
What is the highest common factor of 31264 and 32?
32
Calculate the highest common divisor of 106820 and 98.
98
Calculate the greatest common divisor of 46 and 1219.
23
What is the highest common divisor of 21